 + c, -1275 = -v + 3*t. List the prime factors of v.
3, 11, 13
Let p(k) = 2*k + 34. Let i be 1 + 132/(-15) + 1/(-5). Let v be p(i). List the prime factors of v/6 + (-276)/(-2).
3, 47
Let o(s) = 5*s + 34. Let g be o(-6). Suppose 3*w - 3*v - 2*v = 18, 0 = -g*v. Suppose w*r - 11*r = -3*n + 636, -2*r + 223 = n. What are the prime factors of n?
7, 31
Let f(u) = 116*u + 612. Let x(r) = -58*r - 305. Let t(i) = 6*f(i) + 13*x(i). List the prime factors of t(-6).
5, 11
Let l be (-2)/3 - 2*(-2)/6. Suppose 10*r - 2433 - 1087 = l. What are the prime factors of r?
2, 11
Let w(f) = f + 6. Suppose -7*r + 11 = -10. Let x(t) = t**2 - 1. Let k(m) = r*w(m) + 15*x(m). What are the prime factors of k(2)?
3, 23
Let r be (-3)/(3 - 132/40). Suppose -r = -16*n + 15*n. Suppose -n*t = -16*t + 1002. List the prime factors of t.
167
Let w(b) = -3*b**2 - 31*b + 7. Let m be w(-10). Suppose -12*k + m*k + 7710 = 0. List the prime factors of (-4)/10 - k/30.
3, 17
Let k be (-5)/(-15) + 791/3. Let x = -229 + k. What are the prime factors of x?
5, 7
Suppose 3*r = r - 4*s + 22, -4*s - 4 = 0. Let w(v) = 5*v - 25 - 11 + 1 + 2*v + 6. List the prime factors of w(r).
2, 31
Suppose 0 = -11*l - 3*m + 11169, 3*l - m - 2983 = 74. List the prime factors of l.
3, 113
Suppose 26*z - 37277 + 12848 = 51309. List the prime factors of z.
3, 971
Suppose -33 = -8*k + 31. Suppose 7*d = k*d. List the prime factors of (-12 + d)/(20/(-60)).
2, 3
Let v(t) = 306*t - 1493. What are the prime factors of v(65)?
18397
Suppose 139972 = 5*g - 3*z, -4*g + 3*z = -z - 111984. What are the prime factors of g?
2, 3499
Suppose b + 6*b = -5*f + 181868, -3*f = 3*b - 109116. List the prime factors of f.
2, 2273
Let r = -7347 + 8288. What are the prime factors of r?
941
List the prime factors of -2*1013654/(-100) - (-72)/(-900).
11, 19, 97
Suppose 0 = -11*q - 21 - 1. Let j(g) = -27*g + 10. Let d be j(q). Let k = 55 + d. What are the prime factors of k?
7, 17
Suppose 0 = 8*c - 4*c - 2*t - 66, -2*t - 47 = -3*c. Suppose 23*l = c*l + 1200. List the prime factors of l.
2, 3, 5
Let f(k) = k**2 + 10*k - 19. Suppose 0 = 5*q + 4*w + 66, 5*q + 3*w + 13 = -49. Let n be f(q). What are the prime factors of (-16 - n)/((-2)/(-66))?
3, 11
Let h(f) = f**3 + 15*f**2 - 326*f - 27. List the prime factors of h(22).
10709
Let x(k) = -k**3 - 50*k**2 - 267*k + 39. What are the prime factors of x(-44)?
3, 19
Suppose 0 = f - 101 + 103, 4*t - 74 = f. Let n be 3/2 + (-3)/(-6). Suppose -g + n*c = -0*c - t, -5*c = -10. What are the prime factors of g?
2, 11
Let s = 19499 - -3548. List the prime factors of s.
19, 1213
Let m = -38704 - -55269. What are the prime factors of m?
5, 3313
Let g = 6076 + -1721. What are the prime factors of g?
5, 13, 67
List the prime factors of 6/9*17958/4.
41, 73
Suppose 0 = -4*t - 4*j + 492, -478 = -9*t + 5*t + 3*j. Suppose -793 = -3*z - t. What are the prime factors of z?
2, 7
Let a = -23 - 214. Suppose -46*y + 726 = 6752. Let q = y - a. List the prime factors of q.
2, 53
Let q = 1370 - 522. Let g = q - 368. Suppose 5*o + 4*a - g = o, 3*a = -5*o + 598. What are the prime factors of o?
7, 17
Let r be ((-16)/5)/(13/(388375/(-10))). List the prime factors of (-40)/(-90) - r/(-36).
2, 7, 19
Let v(q) = 17*q + 5. Let r(a) = 8*a + 2. Let y(u) = -5*r(u) + 3*v(u). Let z be y(9). Let g = z + 20. List the prime factors of g.
2, 31
Suppose -7*o = -7589 - 8441. List the prime factors of (o/(-25))/(6/(-30)).
2, 229
Let o(v) = -v - 6. Let z be o(0). Let j be ((-2)/z - 1)*159/(-2). Suppose -l + j = 2*r - 0*r, 5*r - 38 = -l. List the prime factors of l.
3, 7
Let s = -64 - 139. Let r = 518 + s. What are the prime factors of r?
3, 5, 7
Suppose 526 = 4*o + t, -t - 399 = -4*o + 123. Suppose -133 + o = -2*h. List the prime factors of (1/3)/(h/351).
3, 13
Let x(b) = -b**3 + 21*b**2 + 2*b - 42. Let a = 118 + -97. Let i be x(a). Suppose -8*y + 6*y + 232 = i. What are the prime factors of y?
2, 29
Suppose 7*l = 4*l + 15. Suppose 0 = -8*m + 3*m + 4*d + 20, -l = -d. Suppose 1279 = m*x - 9. List the prime factors of x.
7, 23
Let n(y) = 11*y**3 + 31*y**2 + 57*y - 55. Let b(p) = 2*p**3 + p**2. Let f(x) = -6*b(x) + n(x). List the prime factors of f(26).
751
Suppose -104*i - 135*i = -14622498. List the prime factors of i.
2, 3, 11, 103
Suppose 8*u = 15*u. Suppose u = -k + 5 - 10. List the prime factors of ((-3)/(-5))/(k/(-25)).
3
Let x be (-1776)/(-60) + -6 + (-2)/(-5). Suppose -18688 - 14672 = -x*n. List the prime factors of n.
2, 5, 139
Suppose -o - 4*i = -54041, -25*o = -20*o + 3*i - 270273. List the prime factors of o.
3, 37, 487
Let z = -19 - -21. Suppose 0 = 5*u + 2*s - 648, -u - 6*s + z*s = -144. Suppose -7 = -3*j - 1, 5*j + u = 2*k. What are the prime factors of k?
3, 23
Let y(m) = 11833*m**2 + 4*m. List the prime factors of y(1).
7, 19, 89
Let u be (-7 - -11) + (674 - (3 - 1)). Suppose -u = 34*b - 36*b. List the prime factors of b.
2, 13
Suppose -3*n = 3*n - 30. Let d be 5 + (-4 - -5)*n. Suppose d*i - 255 - 175 = 0. What are the prime factors of i?
43
Suppose -33 + 279 = 5*m + p, 3*m = 2*p + 145. Suppose 53*u - m*u = 2108. Suppose k - s = 4*k - u, 0 = 4*k - 2*s - 706. What are the prime factors of k?
2, 11
Let v(g) = 499*g**2 + 22*g - 91. What are the prime factors of v(3)?
2, 7, 11, 29
Let m(x) = 2*x**3 + 2*x**2 + 2*x - 1. Let d(i) = -20*i**3 - 5*i**2 - 26*i - 6. Let l(s) = d(s) + 2*m(s). What are the prime factors of l(-5)?
31, 67
Suppose h + 1288 = 4*z + 4*h, -5*z + 1610 = 2*h. Suppose 2*q + 2 = -2, 2*y - 3*q = z. Let w = y + -83. List the prime factors of w.
3, 5
Let n(y) = -257*y + 306. List the prime factors of n(-4).
2, 23, 29
Let k(s) be the third derivative of s**4/4 - 23*s**3/6 + 11*s**2. Let a be k(6). Suppose -a*t + 5*t = -464. What are the prime factors of t?
2, 29
Let y = 13 - 6. Let b(m) be the first derivative of m**4/4 - 4*m**3/3 - m**2/2 + 5*m + 236. What are the prime factors of b(y)?
5, 29
Suppose 64*u = 57*u + 15995. What are the prime factors of u?
5, 457
Let j(a) = -a**3 - 12*a**2 - 11*a + 3. Let i be j(-11). Suppose 0 = 2*x - i*x + 17. Suppose 0 = m - 2*m + x. What are the prime factors of m?
17
Let b(o) = -1122*o + 6206. List the prime factors of b(-16).
2, 47, 257
Suppose 2*f + 62295 = 7*f - b, 4*b - 24918 = -2*f. What are the prime factors of f?
3, 4153
Let x(k) = k**3 + k**2 + 2*k + 2. Let q be x(-2). Let a be (9/(-3) - q) + 175. Suppose w + a = u + 6*w, 936 = 5*u + 2*w. List the prime factors of u.
2, 47
Suppose 26 = -u + 30, -2*u = -4*x + 100240. What are the prime factors of x?
2, 3, 4177
Suppose 2*a + 2*v = 18, 3*a - a + 3*v - 21 = 0. Suppose 2*i - 4*h + 1888 = a*i, -3*i + 4*h + 1416 = 0. What are the prime factors of i?
2, 59
Suppose 5 - 389 = -48*u. Let g(p) = p**2 - 10*p - 14. Let n be g(11). Let o = n + u. What are the prime factors of o?
5
Let i = -95 + 134. Let n be 11 - (i/52)/(1/4). Suppose 19*k = n*k + 781. What are the prime factors of k?
71
Let b be (-4)/6 + 4/6. Suppose 9*s - 6*s - 792 = b. Suppose -5*i + 8*i - s = 0. List the prime factors of i.
2, 11
Suppose -77*v = -167*v + 88*v + 58882. List the prime factors of v.
59, 499
Let u = -15030 + 24109. What are the prime factors of u?
7, 1297
Let y(x) = -113*x**3 + 2*x + 1. Let o be y(-1). Let r = -161 - -118. Let p = r + o. List the prime factors of p.
3, 23
Suppose 2*l + 5*o - 19 = 0, -4*l + 4*o = -22 - 2. Suppose -l*a + 169 + 20 = 0. Let t = 84 - a. What are the prime factors of t?
3, 19
Let w(o) = -2*o**3 + o**2 + 1. Let k(s) = 15*s**3 + 15*s**2 + 18*s + 10. Let a(b) = -k(b) + 5*w(b). What are the prime factors of a(-3)?
2, 317
Suppose 30*i - 260160 = -18*i. What are the prime factors of i?
2, 5, 271
Let k(s) be the second derivative of -3*s**5/20 - s**4/12 + 5*s**3/2 - 11*s**2/2 + 134*s. List the prime factors of k(-6).
7, 73
Let r be -3*(0 + (-60)/9). Suppose f = -4*v + 3*f + 22, -5*v + f + r = 0. Suppose 5*w + 521 + 102 = 3*g, 4*g + v*w = 879. What are the prime factors of g?
2, 3
Let a(q) = 2*q**2 + 56*q. Let b be a(5). Suppose -b - 430 = -s. What are the prime factors of s?
2, 5, 19
Let u(d) = d**3 - 12*d**2 - 13*d + 28. Let c be u(13). Let p = c + 63. List the prime factors of p.
7, 13
Let w be (5/(-7) + 4/(-14))*0. Suppose 0 = -4*x + 3*h + 525, x + h - 179 + 39 = w. List the prime factors of x.
3, 5
Suppose -5*h - 3*q = -18, 0 = -5*h - 0